{"id":5011,"date":"2026-03-31T12:34:14","date_gmt":"2026-03-31T10:34:14","guid":{"rendered":"https:\/\/cdacv.es\/?post_type=tribe_events&#038;p=5011"},"modified":"2026-03-31T12:34:47","modified_gmt":"2026-03-31T10:34:47","slug":"seminario-teorico-practico-de-bruselas-a-la-redaccion-que-cambia-la-regulacion-europea-y-como-afecta-al-trabajo-del-periodista","status":"publish","type":"tribe_events","link":"https:\/\/cdacv.es\/es\/agenda\/seminario-teorico-practico-de-bruselas-a-la-redaccion-que-cambia-la-regulacion-europea-y-como-afecta-al-trabajo-del-periodista\/","title":{"rendered":"Seminario te\u00f3rico-pr\u00e1ctico: De Bruselas a la redacci\u00f3n: qu\u00e9 cambia la regulaci\u00f3n europea y c\u00f3mo afecta al trabajo del periodista"},"content":{"rendered":"<ul>\n<li>El President del CACV, Jos\u00e9 Mar\u00eda Vidal Beltr\u00e1n, modera\u00a0la <b>Mesa redonda \u2013 <i>El Secreto Profesional dentro del nuevo universo medi\u00e1tico <\/i><\/b>para explicar\u00a0 qu\u00e9 ha cambiado con la nueva regulaci\u00f3n europea (European Media Freedom Act (EMFA) y Digital Services Act (DSA), comentar el calendario de la revisi\u00f3n de la Directiva de Servicios de Comunicaci\u00f3n Audiovisual (AVMSD) y el Anteproyecto espa\u00f1ol de Ley Org\u00e1nica reguladora del derecho al secreto<i><\/i> profesional .<\/li>\n<li><strong>Asisten<\/strong>:\n<ul>\n<li>Miguel \u00c1ngel Noceda (Presidente, FAPE)<\/li>\n<li>Virginia P\u00e9rez Alonso (Presidenta, PDLI)<\/li>\n<li>Ricardo Guti\u00e9rrez (SG, EFJ) (por videoconferencia)<\/li>\n<li>Alejandro Perales (Presidente, AUC)<\/li>\n<li>Agust\u00edn Yanel \u2013 sindicato de periodistas<\/li>\n<\/ul>\n<\/li>\n<li><b>Sede de la CNMC<\/b>, sita <b>en la C\/ Alcal\u00e1 47 de Madrid.<\/b><\/li>\n<\/ul>\n","protected":false},"excerpt":{"rendered":"<p>El President del CACV, Jos\u00e9 Mar\u00eda Vidal Beltr\u00e1n, modera\u00a0la Mesa redonda \u2013 El Secreto Profesional dentro del nuevo universo medi\u00e1tico para explicar\u00a0 qu\u00e9 ha cambiado con la nueva regulaci\u00f3n europea&#8230;<\/p>\n","protected":false},"author":1,"featured_media":0,"comment_status":"closed","ping_status":"closed","template":"","meta":{"_tribe_events_status":"","_tribe_events_status_reason":"","footnotes":""},"tags":[],"tribe_events_cat":[],"class_list":["post-5011","tribe_events","type-tribe_events","status-publish"],"yoast_head":"<!-- This site is optimized with the Yoast SEO plugin v20.1 - https:\/\/yoast.com\/wordpress\/plugins\/seo\/ -->\n<title>Seminario te\u00f3rico-pr\u00e1ctico: De Bruselas a la redacci\u00f3n: qu\u00e9 cambia la regulaci\u00f3n europea y c\u00f3mo afecta al trabajo del periodista - Consell De L\u2019Audiovisual De La Comunitat Valenciana<\/title>\n<meta name=\"robots\" content=\"index, follow, max-snippet:-1, max-image-preview:large, max-video-preview:-1\" \/>\n<link rel=\"canonical\" href=\"https:\/\/cdacv.es\/es\/agenda\/seminario-teorico-practico-de-bruselas-a-la-redaccion-que-cambia-la-regulacion-europea-y-como-afecta-al-trabajo-del-periodista\/\" \/>\n<meta property=\"og:locale\" content=\"es_ES\" \/>\n<meta property=\"og:type\" content=\"article\" \/>\n<meta property=\"og:title\" content=\"Seminario te\u00f3rico-pr\u00e1ctico: De Bruselas a la redacci\u00f3n: qu\u00e9 cambia la regulaci\u00f3n europea y c\u00f3mo afecta al trabajo del periodista - Consell De L\u2019Audiovisual De La Comunitat Valenciana\" \/>\n<meta property=\"og:description\" content=\"El President del CACV, Jos\u00e9 Mar\u00eda Vidal Beltr\u00e1n, modera\u00a0la Mesa redonda \u2013 El Secreto Profesional dentro del nuevo universo medi\u00e1tico para explicar\u00a0 qu\u00e9 ha cambiado con la nueva regulaci\u00f3n europea...\" \/>\n<meta property=\"og:url\" content=\"https:\/\/cdacv.es\/es\/agenda\/seminario-teorico-practico-de-bruselas-a-la-redaccion-que-cambia-la-regulacion-europea-y-como-afecta-al-trabajo-del-periodista\/\" \/>\n<meta property=\"og:site_name\" content=\"Consell De L\u2019Audiovisual De La Comunitat Valenciana\" \/>\n<meta property=\"article:modified_time\" content=\"2026-03-31T10:34:47+00:00\" \/>\n<meta name=\"twitter:card\" content=\"summary_large_image\" \/>\n<meta name=\"twitter:label1\" content=\"Tiempo de lectura\" \/>\n\t<meta name=\"twitter:data1\" content=\"1 minuto\" \/>\n<script type=\"application\/ld+json\" class=\"yoast-schema-graph\">{\"@context\":\"https:\/\/schema.org\",\"@graph\":[{\"@type\":\"WebPage\",\"@id\":\"https:\/\/cdacv.es\/es\/agenda\/seminario-teorico-practico-de-bruselas-a-la-redaccion-que-cambia-la-regulacion-europea-y-como-afecta-al-trabajo-del-periodista\/\",\"url\":\"https:\/\/cdacv.es\/es\/agenda\/seminario-teorico-practico-de-bruselas-a-la-redaccion-que-cambia-la-regulacion-europea-y-como-afecta-al-trabajo-del-periodista\/\",\"name\":\"Seminario te\u00f3rico-pr\u00e1ctico: De Bruselas a la redacci\u00f3n: qu\u00e9 cambia la regulaci\u00f3n europea y c\u00f3mo afecta al trabajo del periodista - Consell De L\u2019Audiovisual De La Comunitat Valenciana\",\"isPartOf\":{\"@id\":\"https:\/\/cdacv.es\/#website\"},\"datePublished\":\"2026-03-31T10:34:14+00:00\",\"dateModified\":\"2026-03-31T10:34:47+00:00\",\"breadcrumb\":{\"@id\":\"https:\/\/cdacv.es\/es\/agenda\/seminario-teorico-practico-de-bruselas-a-la-redaccion-que-cambia-la-regulacion-europea-y-como-afecta-al-trabajo-del-periodista\/#breadcrumb\"},\"inLanguage\":\"es\",\"potentialAction\":[{\"@type\":\"ReadAction\",\"target\":[\"https:\/\/cdacv.es\/es\/agenda\/seminario-teorico-practico-de-bruselas-a-la-redaccion-que-cambia-la-regulacion-europea-y-como-afecta-al-trabajo-del-periodista\/\"]}]},{\"@type\":\"BreadcrumbList\",\"@id\":\"https:\/\/cdacv.es\/es\/agenda\/seminario-teorico-practico-de-bruselas-a-la-redaccion-que-cambia-la-regulacion-europea-y-como-afecta-al-trabajo-del-periodista\/#breadcrumb\",\"itemListElement\":[{\"@type\":\"ListItem\",\"position\":1,\"name\":\"Home\",\"item\":\"https:\/\/cdacv.es\/es\/\"},{\"@type\":\"ListItem\",\"position\":2,\"name\":\"Eventos\",\"item\":\"https:\/\/cdacv.es\/events\/\"},{\"@type\":\"ListItem\",\"position\":3,\"name\":\"Seminario te\u00f3rico-pr\u00e1ctico: De Bruselas a la redacci\u00f3n: qu\u00e9 cambia la regulaci\u00f3n europea y c\u00f3mo afecta al trabajo del periodista\"}]},{\"@type\":\"WebSite\",\"@id\":\"https:\/\/cdacv.es\/#website\",\"url\":\"https:\/\/cdacv.es\/\",\"name\":\"Consell De L\u2019Audiovisual De La Comunitat Valenciana\",\"description\":\"\u00c9s l\u2019autoritat audiovisual independent encarregada de vetlar pel respecte dels drets, llibertats i valors constitucionals i estatutaris en l\u2019\u00e0mbit dels mitjans audiovisuals a la Comunitat Valenciana\",\"publisher\":{\"@id\":\"https:\/\/cdacv.es\/#organization\"},\"potentialAction\":[{\"@type\":\"SearchAction\",\"target\":{\"@type\":\"EntryPoint\",\"urlTemplate\":\"https:\/\/cdacv.es\/?s={search_term_string}\"},\"query-input\":\"required name=search_term_string\"}],\"inLanguage\":\"es\"},{\"@type\":\"Organization\",\"@id\":\"https:\/\/cdacv.es\/#organization\",\"name\":\"Consell De L\u2019Audiovisual De La Comunitat Valenciana\",\"url\":\"https:\/\/cdacv.es\/\",\"logo\":{\"@type\":\"ImageObject\",\"inLanguage\":\"es\",\"@id\":\"https:\/\/cdacv.es\/#\/schema\/logo\/image\/\",\"url\":\"https:\/\/cdacv.es\/wp-content\/uploads\/2023\/02\/fav.png\",\"contentUrl\":\"https:\/\/cdacv.es\/wp-content\/uploads\/2023\/02\/fav.png\",\"width\":300,\"height\":300,\"caption\":\"Consell De L\u2019Audiovisual De La Comunitat Valenciana\"},\"image\":{\"@id\":\"https:\/\/cdacv.es\/#\/schema\/logo\/image\/\"}}]}<\/script>\n<!-- \/ Yoast SEO plugin. -->","yoast_head_json":{"title":"Seminario te\u00f3rico-pr\u00e1ctico: De Bruselas a la redacci\u00f3n: qu\u00e9 cambia la regulaci\u00f3n europea y c\u00f3mo afecta al trabajo del periodista - Consell De L\u2019Audiovisual De La Comunitat Valenciana","robots":{"index":"index","follow":"follow","max-snippet":"max-snippet:-1","max-image-preview":"max-image-preview:large","max-video-preview":"max-video-preview:-1"},"canonical":"https:\/\/cdacv.es\/es\/agenda\/seminario-teorico-practico-de-bruselas-a-la-redaccion-que-cambia-la-regulacion-europea-y-como-afecta-al-trabajo-del-periodista\/","og_locale":"es_ES","og_type":"article","og_title":"Seminario te\u00f3rico-pr\u00e1ctico: De Bruselas a la redacci\u00f3n: qu\u00e9 cambia la regulaci\u00f3n europea y c\u00f3mo afecta al trabajo del periodista - Consell De L\u2019Audiovisual De La Comunitat Valenciana","og_description":"El President del CACV, Jos\u00e9 Mar\u00eda Vidal Beltr\u00e1n, modera\u00a0la Mesa redonda \u2013 El Secreto Profesional dentro del nuevo universo medi\u00e1tico para explicar\u00a0 qu\u00e9 ha cambiado con la nueva regulaci\u00f3n europea...","og_url":"https:\/\/cdacv.es\/es\/agenda\/seminario-teorico-practico-de-bruselas-a-la-redaccion-que-cambia-la-regulacion-europea-y-como-afecta-al-trabajo-del-periodista\/","og_site_name":"Consell De L\u2019Audiovisual De La Comunitat Valenciana","article_modified_time":"2026-03-31T10:34:47+00:00","twitter_card":"summary_large_image","twitter_misc":{"Tiempo de lectura":"1 minuto"},"schema":{"@context":"https:\/\/schema.org","@graph":[{"@type":"WebPage","@id":"https:\/\/cdacv.es\/es\/agenda\/seminario-teorico-practico-de-bruselas-a-la-redaccion-que-cambia-la-regulacion-europea-y-como-afecta-al-trabajo-del-periodista\/","url":"https:\/\/cdacv.es\/es\/agenda\/seminario-teorico-practico-de-bruselas-a-la-redaccion-que-cambia-la-regulacion-europea-y-como-afecta-al-trabajo-del-periodista\/","name":"Seminario te\u00f3rico-pr\u00e1ctico: De Bruselas a la redacci\u00f3n: qu\u00e9 cambia la regulaci\u00f3n europea y c\u00f3mo afecta al trabajo del periodista - Consell De L\u2019Audiovisual De La Comunitat Valenciana","isPartOf":{"@id":"https:\/\/cdacv.es\/#website"},"datePublished":"2026-03-31T10:34:14+00:00","dateModified":"2026-03-31T10:34:47+00:00","breadcrumb":{"@id":"https:\/\/cdacv.es\/es\/agenda\/seminario-teorico-practico-de-bruselas-a-la-redaccion-que-cambia-la-regulacion-europea-y-como-afecta-al-trabajo-del-periodista\/#breadcrumb"},"inLanguage":"es","potentialAction":[{"@type":"ReadAction","target":["https:\/\/cdacv.es\/es\/agenda\/seminario-teorico-practico-de-bruselas-a-la-redaccion-que-cambia-la-regulacion-europea-y-como-afecta-al-trabajo-del-periodista\/"]}]},{"@type":"BreadcrumbList","@id":"https:\/\/cdacv.es\/es\/agenda\/seminario-teorico-practico-de-bruselas-a-la-redaccion-que-cambia-la-regulacion-europea-y-como-afecta-al-trabajo-del-periodista\/#breadcrumb","itemListElement":[{"@type":"ListItem","position":1,"name":"Home","item":"https:\/\/cdacv.es\/es\/"},{"@type":"ListItem","position":2,"name":"Eventos","item":"https:\/\/cdacv.es\/events\/"},{"@type":"ListItem","position":3,"name":"Seminario te\u00f3rico-pr\u00e1ctico: De Bruselas a la redacci\u00f3n: qu\u00e9 cambia la regulaci\u00f3n europea y c\u00f3mo afecta al trabajo del periodista"}]},{"@type":"WebSite","@id":"https:\/\/cdacv.es\/#website","url":"https:\/\/cdacv.es\/","name":"Consell De L\u2019Audiovisual De La Comunitat Valenciana","description":"\u00c9s l\u2019autoritat audiovisual independent encarregada de vetlar pel respecte dels drets, llibertats i valors constitucionals i estatutaris en l\u2019\u00e0mbit dels mitjans audiovisuals a la Comunitat Valenciana","publisher":{"@id":"https:\/\/cdacv.es\/#organization"},"potentialAction":[{"@type":"SearchAction","target":{"@type":"EntryPoint","urlTemplate":"https:\/\/cdacv.es\/?s={search_term_string}"},"query-input":"required name=search_term_string"}],"inLanguage":"es"},{"@type":"Organization","@id":"https:\/\/cdacv.es\/#organization","name":"Consell De L\u2019Audiovisual De La Comunitat Valenciana","url":"https:\/\/cdacv.es\/","logo":{"@type":"ImageObject","inLanguage":"es","@id":"https:\/\/cdacv.es\/#\/schema\/logo\/image\/","url":"https:\/\/cdacv.es\/wp-content\/uploads\/2023\/02\/fav.png","contentUrl":"https:\/\/cdacv.es\/wp-content\/uploads\/2023\/02\/fav.png","width":300,"height":300,"caption":"Consell De L\u2019Audiovisual De La Comunitat Valenciana"},"image":{"@id":"https:\/\/cdacv.es\/#\/schema\/logo\/image\/"}}]}},"_links":{"self":[{"href":"https:\/\/cdacv.es\/es\/wp-json\/wp\/v2\/tribe_events\/5011","targetHints":{"allow":["GET"]}}],"collection":[{"href":"https:\/\/cdacv.es\/es\/wp-json\/wp\/v2\/tribe_events"}],"about":[{"href":"https:\/\/cdacv.es\/es\/wp-json\/wp\/v2\/types\/tribe_events"}],"author":[{"embeddable":true,"href":"https:\/\/cdacv.es\/es\/wp-json\/wp\/v2\/users\/1"}],"replies":[{"embeddable":true,"href":"https:\/\/cdacv.es\/es\/wp-json\/wp\/v2\/comments?post=5011"}],"version-history":[{"count":2,"href":"https:\/\/cdacv.es\/es\/wp-json\/wp\/v2\/tribe_events\/5011\/revisions"}],"predecessor-version":[{"id":5013,"href":"https:\/\/cdacv.es\/es\/wp-json\/wp\/v2\/tribe_events\/5011\/revisions\/5013"}],"wp:attachment":[{"href":"https:\/\/cdacv.es\/es\/wp-json\/wp\/v2\/media?parent=5011"}],"wp:term":[{"taxonomy":"post_tag","embeddable":true,"href":"https:\/\/cdacv.es\/es\/wp-json\/wp\/v2\/tags?post=5011"},{"taxonomy":"tribe_events_cat","embeddable":true,"href":"https:\/\/cdacv.es\/es\/wp-json\/wp\/v2\/tribe_events_cat?post=5011"}],"curies":[{"name":"wp","href":"https:\/\/api.w.org\/{rel}","templated":true}]}}

Seminario teórico-práctico: De Bruselas a la redacción: qué cambia la regulación europea y cómo afecta al trabajo del periodista

<ul>
<li>El President del CACV, José María Vidal Beltrán, modera la <b>Mesa redonda – <i>El Secreto Profesional dentro del nuevo universo mediático </i></b>para explicar  qué ha cambiado con la nueva regulación europea (European Media Freedom Act (EMFA) y Digital Services Act (DSA), comentar el calendario de la revisión de la Directiva de Servicios de Comunicación Audiovisual (AVMSD) y el Anteproyecto español de Ley Orgánica reguladora del derecho al secreto<i></i> profesional .</li>
<li><strong>Asisten</strong>:
<ul>
<li>Miguel Ángel Noceda (Presidente, FAPE)</li>
<li>Virginia Pérez Alonso (Presidenta, PDLI)</li>
<li>Ricardo Gutiérrez (SG, EFJ) (por videoconferencia)</li>
<li>Alejandro Perales (Presidente, AUC)</li>
<li>Agustín Yanel – sindicato de periodistas</li>
</ul>
</li>
<li><b>Sede de la CNMC</b>, sita <b>en la C/ Alcalá 47 de Madrid.</b></li>
</ul>

<p>El President del CACV, José María Vidal Beltrán, modera la Mesa redonda – El Secreto Profesional dentro del nuevo universo mediático para explicar  qué ha cambiado con la nueva regulación europea&#8230;</p>

<!-- This site is optimized with the Yoast SEO plugin v20.1 - https://yoast.com/wordpress/plugins/seo/ -->
<title>Seminario teórico-práctico: De Bruselas a la redacción: qué cambia la regulación europea y cómo afecta al trabajo del periodista - Consell De L’Audiovisual De La Comunitat Valenciana</title>
<meta name="robots" content="index, follow, max-snippet:-1, max-image-preview:large, max-video-preview:-1" />
<link rel="canonical" href="https://cdacv.es/es/agenda/seminario-teorico-practico-de-bruselas-a-la-redaccion-que-cambia-la-regulacion-europea-y-como-afecta-al-trabajo-del-periodista/" />
<meta property="og:locale" content="es_ES" />
<meta property="og:type" content="article" />
<meta property="og:title" content="Seminario teórico-práctico: De Bruselas a la redacción: qué cambia la regulación europea y cómo afecta al trabajo del periodista - Consell De L’Audiovisual De La Comunitat Valenciana" />
<meta property="og:description" content="El President del CACV, José María Vidal Beltrán, modera la Mesa redonda – El Secreto Profesional dentro del nuevo universo mediático para explicar  qué ha cambiado con la nueva regulación europea..." />
<meta property="og:url" content="https://cdacv.es/es/agenda/seminario-teorico-practico-de-bruselas-a-la-redaccion-que-cambia-la-regulacion-europea-y-como-afecta-al-trabajo-del-periodista/" />
<meta property="og:site_name" content="Consell De L’Audiovisual De La Comunitat Valenciana" />
<meta property="article:modified_time" content="2026-03-31T10:34:47+00:00" />
<meta name="twitter:card" content="summary_large_image" />
<meta name="twitter:label1" content="Tiempo de lectura" />
	<meta name="twitter:data1" content="1 minuto" />
<script type="application/ld+json" class="yoast-schema-graph">{"@context":"https://schema.org","@graph":[{"@type":"WebPage","@id":"https://cdacv.es/es/agenda/seminario-teorico-practico-de-bruselas-a-la-redaccion-que-cambia-la-regulacion-europea-y-como-afecta-al-trabajo-del-periodista/","url":"https://cdacv.es/es/agenda/seminario-teorico-practico-de-bruselas-a-la-redaccion-que-cambia-la-regulacion-europea-y-como-afecta-al-trabajo-del-periodista/","name":"Seminario teórico-práctico: De Bruselas a la redacción: qué cambia la regulación europea y cómo afecta al trabajo del periodista - Consell De L’Audiovisual De La Comunitat Valenciana","isPartOf":{"@id":"https://cdacv.es/#website"},"datePublished":"2026-03-31T10:34:14+00:00","dateModified":"2026-03-31T10:34:47+00:00","breadcrumb":{"@id":"https://cdacv.es/es/agenda/seminario-teorico-practico-de-bruselas-a-la-redaccion-que-cambia-la-regulacion-europea-y-como-afecta-al-trabajo-del-periodista/#breadcrumb"},"inLanguage":"es","potentialAction":[{"@type":"ReadAction","target":["https://cdacv.es/es/agenda/seminario-teorico-practico-de-bruselas-a-la-redaccion-que-cambia-la-regulacion-europea-y-como-afecta-al-trabajo-del-periodista/"]}]},{"@type":"BreadcrumbList","@id":"https://cdacv.es/es/agenda/seminario-teorico-practico-de-bruselas-a-la-redaccion-que-cambia-la-regulacion-europea-y-como-afecta-al-trabajo-del-periodista/#breadcrumb","itemListElement":[{"@type":"ListItem","position":1,"name":"Home","item":"https://cdacv.es/es/"},{"@type":"ListItem","position":2,"name":"Eventos","item":"https://cdacv.es/events/"},{"@type":"ListItem","position":3,"name":"Seminario teórico-práctico: De Bruselas a la redacción: qué cambia la regulación europea y cómo afecta al trabajo del periodista"}]},{"@type":"WebSite","@id":"https://cdacv.es/#website","url":"https://cdacv.es/","name":"Consell De L’Audiovisual De La Comunitat Valenciana","description":"És l’autoritat audiovisual independent encarregada de vetlar pel respecte dels drets, llibertats i valors constitucionals i estatutaris en l’àmbit dels mitjans audiovisuals a la Comunitat Valenciana","publisher":{"@id":"https://cdacv.es/#organization"},"potentialAction":[{"@type":"SearchAction","target":{"@type":"EntryPoint","urlTemplate":"https://cdacv.es/?s={search_term_string}"},"query-input":"required name=search_term_string"}],"inLanguage":"es"},{"@type":"Organization","@id":"https://cdacv.es/#organization","name":"Consell De L’Audiovisual De La Comunitat Valenciana","url":"https://cdacv.es/","logo":{"@type":"ImageObject","inLanguage":"es","@id":"https://cdacv.es/#/schema/logo/image/","url":"https://cdacv.es/wp-content/uploads/2023/02/fav.png","contentUrl":"https://cdacv.es/wp-content/uploads/2023/02/fav.png","width":300,"height":300,"caption":"Consell De L’Audiovisual De La Comunitat Valenciana"},"image":{"@id":"https://cdacv.es/#/schema/logo/image/"}}]}</script>
<!-- / Yoast SEO plugin. -->

Seminario teórico-práctico: De Bruselas a la redacción: qué cambia la regulación europea y cómo afecta al trabajo del periodista - Consell De L’Audiovisual De La Comunitat Valenciana

El President del CACV, José María Vidal Beltrán, modera la Mesa redonda – El Secreto Profesional dentro del nuevo universo mediático para explicar  qué ha cambiado con la nueva regulación europea...

És l’autoritat audiovisual independent encarregada de vetlar pel respecte dels drets, llibertats i valors constitucionals i estatutaris en l’àmbit dels mitjans audiovisuals a la Comunitat Valenciana
