{"id":4106,"date":"2025-10-20T15:25:35","date_gmt":"2025-10-20T13:25:35","guid":{"rendered":"https:\/\/cdacv.es\/?post_type=tribe_events&#038;p=4106"},"modified":"2025-10-20T15:25:35","modified_gmt":"2025-10-20T13:25:35","slug":"jornadas-sobre-comunicacion-comercial-en-la-comunitat-valenciana-revoluciones-y-evoluciones","status":"publish","type":"tribe_events","link":"https:\/\/cdacv.es\/es\/agenda\/jornadas-sobre-comunicacion-comercial-en-la-comunitat-valenciana-revoluciones-y-evoluciones\/","title":{"rendered":"Jornadas sobre \u201cComunicaci\u00f3n Comercial en la Comunitat Valenciana: Re(voluciones) y Evoluciones\u201d"},"content":{"rendered":"<p style=\"font-weight: 400;\"><strong>PARTICIPAN:<\/strong><\/p>\n<ul style=\"font-weight: 400;\">\n<li>En la Inauguraci\u00f3n Institucional:\n<ul>\n<li><strong>Carmen Carret\u00f3n Ballester,<\/strong> Representante del <span data-markjs=\"true\">CACV<\/span> y Directora del Departamento de Comunicaci\u00f3n de la Universitat d\u2019Alacant.<\/li>\n<\/ul>\n<\/li>\n<li>En la Clausura Institucional:\n<ul style=\"font-weight: 400;\">\n<li><strong>Jos\u00e9 Mar\u00eda Vidal Beltr\u00e1n<\/strong>, Presidente del <span data-markjs=\"true\">CACV<\/span>.<\/li>\n<\/ul>\n<\/li>\n<\/ul>\n<p><strong>ORGANIZA:<\/strong><\/p>\n<ul>\n<li>C\u00e1tedra de An\u00e1lisis y Prospectiva del Consell-Universitat d\u2019Alacant<\/li>\n<\/ul>\n","protected":false},"excerpt":{"rendered":"<p>PARTICIPAN: En la Inauguraci\u00f3n Institucional: Carmen Carret\u00f3n Ballester, Representante del CACV y Directora del Departamento de Comunicaci\u00f3n de la Universitat d\u2019Alacant. En la Clausura Institucional: Jos\u00e9 Mar\u00eda Vidal Beltr\u00e1n, Presidente&#8230;<\/p>\n","protected":false},"author":1,"featured_media":0,"comment_status":"closed","ping_status":"closed","template":"","meta":{"_tribe_events_status":"","_tribe_events_status_reason":"","footnotes":""},"tags":[],"tribe_events_cat":[],"class_list":["post-4106","tribe_events","type-tribe_events","status-publish"],"yoast_head":"<!-- This site is optimized with the Yoast SEO plugin v20.1 - https:\/\/yoast.com\/wordpress\/plugins\/seo\/ -->\n<title>Jornadas sobre \u201cComunicaci\u00f3n Comercial en la Comunitat Valenciana: Re(voluciones) y Evoluciones\u201d - Consell De L\u2019Audiovisual De La Comunitat Valenciana<\/title>\n<meta name=\"robots\" content=\"index, follow, max-snippet:-1, max-image-preview:large, max-video-preview:-1\" \/>\n<link rel=\"canonical\" href=\"https:\/\/cdacv.es\/es\/agenda\/jornadas-sobre-comunicacion-comercial-en-la-comunitat-valenciana-revoluciones-y-evoluciones\/\" \/>\n<meta property=\"og:locale\" content=\"es_ES\" \/>\n<meta property=\"og:type\" content=\"article\" \/>\n<meta property=\"og:title\" content=\"Jornadas sobre \u201cComunicaci\u00f3n Comercial en la Comunitat Valenciana: Re(voluciones) y Evoluciones\u201d - Consell De L\u2019Audiovisual De La Comunitat Valenciana\" \/>\n<meta property=\"og:description\" content=\"PARTICIPAN: En la Inauguraci\u00f3n Institucional: Carmen Carret\u00f3n Ballester, Representante del CACV y Directora del Departamento de Comunicaci\u00f3n de la Universitat d\u2019Alacant. En la Clausura Institucional: Jos\u00e9 Mar\u00eda Vidal Beltr\u00e1n, Presidente...\" \/>\n<meta property=\"og:url\" content=\"https:\/\/cdacv.es\/es\/agenda\/jornadas-sobre-comunicacion-comercial-en-la-comunitat-valenciana-revoluciones-y-evoluciones\/\" \/>\n<meta property=\"og:site_name\" content=\"Consell De L\u2019Audiovisual De La Comunitat Valenciana\" \/>\n<meta name=\"twitter:card\" content=\"summary_large_image\" \/>\n<meta name=\"twitter:label1\" content=\"Tiempo de lectura\" \/>\n\t<meta name=\"twitter:data1\" content=\"1 minuto\" \/>\n<script type=\"application\/ld+json\" class=\"yoast-schema-graph\">{\"@context\":\"https:\/\/schema.org\",\"@graph\":[{\"@type\":\"WebPage\",\"@id\":\"https:\/\/cdacv.es\/es\/agenda\/jornadas-sobre-comunicacion-comercial-en-la-comunitat-valenciana-revoluciones-y-evoluciones\/\",\"url\":\"https:\/\/cdacv.es\/es\/agenda\/jornadas-sobre-comunicacion-comercial-en-la-comunitat-valenciana-revoluciones-y-evoluciones\/\",\"name\":\"Jornadas sobre \u201cComunicaci\u00f3n Comercial en la Comunitat Valenciana: Re(voluciones) y Evoluciones\u201d - Consell De L\u2019Audiovisual De La Comunitat Valenciana\",\"isPartOf\":{\"@id\":\"https:\/\/cdacv.es\/#website\"},\"datePublished\":\"2025-10-20T13:25:35+00:00\",\"dateModified\":\"2025-10-20T13:25:35+00:00\",\"breadcrumb\":{\"@id\":\"https:\/\/cdacv.es\/es\/agenda\/jornadas-sobre-comunicacion-comercial-en-la-comunitat-valenciana-revoluciones-y-evoluciones\/#breadcrumb\"},\"inLanguage\":\"es\",\"potentialAction\":[{\"@type\":\"ReadAction\",\"target\":[\"https:\/\/cdacv.es\/es\/agenda\/jornadas-sobre-comunicacion-comercial-en-la-comunitat-valenciana-revoluciones-y-evoluciones\/\"]}]},{\"@type\":\"BreadcrumbList\",\"@id\":\"https:\/\/cdacv.es\/es\/agenda\/jornadas-sobre-comunicacion-comercial-en-la-comunitat-valenciana-revoluciones-y-evoluciones\/#breadcrumb\",\"itemListElement\":[{\"@type\":\"ListItem\",\"position\":1,\"name\":\"Home\",\"item\":\"https:\/\/cdacv.es\/es\/\"},{\"@type\":\"ListItem\",\"position\":2,\"name\":\"Eventos\",\"item\":\"https:\/\/cdacv.es\/events\/\"},{\"@type\":\"ListItem\",\"position\":3,\"name\":\"Jornadas sobre \u201cComunicaci\u00f3n Comercial en la Comunitat Valenciana: Re(voluciones) y Evoluciones\u201d\"}]},{\"@type\":\"WebSite\",\"@id\":\"https:\/\/cdacv.es\/#website\",\"url\":\"https:\/\/cdacv.es\/\",\"name\":\"Consell De L\u2019Audiovisual De La Comunitat Valenciana\",\"description\":\"\u00c9s l\u2019autoritat audiovisual independent encarregada de vetlar pel respecte dels drets, llibertats i valors constitucionals i estatutaris en l\u2019\u00e0mbit dels mitjans audiovisuals a la Comunitat Valenciana\",\"publisher\":{\"@id\":\"https:\/\/cdacv.es\/#organization\"},\"potentialAction\":[{\"@type\":\"SearchAction\",\"target\":{\"@type\":\"EntryPoint\",\"urlTemplate\":\"https:\/\/cdacv.es\/?s={search_term_string}\"},\"query-input\":\"required name=search_term_string\"}],\"inLanguage\":\"es\"},{\"@type\":\"Organization\",\"@id\":\"https:\/\/cdacv.es\/#organization\",\"name\":\"Consell De L\u2019Audiovisual De La Comunitat Valenciana\",\"url\":\"https:\/\/cdacv.es\/\",\"logo\":{\"@type\":\"ImageObject\",\"inLanguage\":\"es\",\"@id\":\"https:\/\/cdacv.es\/#\/schema\/logo\/image\/\",\"url\":\"https:\/\/cdacv.es\/wp-content\/uploads\/2023\/02\/fav.png\",\"contentUrl\":\"https:\/\/cdacv.es\/wp-content\/uploads\/2023\/02\/fav.png\",\"width\":300,\"height\":300,\"caption\":\"Consell De L\u2019Audiovisual De La Comunitat Valenciana\"},\"image\":{\"@id\":\"https:\/\/cdacv.es\/#\/schema\/logo\/image\/\"}}]}<\/script>\n<!-- \/ Yoast SEO plugin. -->","yoast_head_json":{"title":"Jornadas sobre \u201cComunicaci\u00f3n Comercial en la Comunitat Valenciana: Re(voluciones) y Evoluciones\u201d - Consell De L\u2019Audiovisual De La Comunitat Valenciana","robots":{"index":"index","follow":"follow","max-snippet":"max-snippet:-1","max-image-preview":"max-image-preview:large","max-video-preview":"max-video-preview:-1"},"canonical":"https:\/\/cdacv.es\/es\/agenda\/jornadas-sobre-comunicacion-comercial-en-la-comunitat-valenciana-revoluciones-y-evoluciones\/","og_locale":"es_ES","og_type":"article","og_title":"Jornadas sobre \u201cComunicaci\u00f3n Comercial en la Comunitat Valenciana: Re(voluciones) y Evoluciones\u201d - Consell De L\u2019Audiovisual De La Comunitat Valenciana","og_description":"PARTICIPAN: En la Inauguraci\u00f3n Institucional: Carmen Carret\u00f3n Ballester, Representante del CACV y Directora del Departamento de Comunicaci\u00f3n de la Universitat d\u2019Alacant. En la Clausura Institucional: Jos\u00e9 Mar\u00eda Vidal Beltr\u00e1n, Presidente...","og_url":"https:\/\/cdacv.es\/es\/agenda\/jornadas-sobre-comunicacion-comercial-en-la-comunitat-valenciana-revoluciones-y-evoluciones\/","og_site_name":"Consell De L\u2019Audiovisual De La Comunitat Valenciana","twitter_card":"summary_large_image","twitter_misc":{"Tiempo de lectura":"1 minuto"},"schema":{"@context":"https:\/\/schema.org","@graph":[{"@type":"WebPage","@id":"https:\/\/cdacv.es\/es\/agenda\/jornadas-sobre-comunicacion-comercial-en-la-comunitat-valenciana-revoluciones-y-evoluciones\/","url":"https:\/\/cdacv.es\/es\/agenda\/jornadas-sobre-comunicacion-comercial-en-la-comunitat-valenciana-revoluciones-y-evoluciones\/","name":"Jornadas sobre \u201cComunicaci\u00f3n Comercial en la Comunitat Valenciana: Re(voluciones) y Evoluciones\u201d - Consell De L\u2019Audiovisual De La Comunitat Valenciana","isPartOf":{"@id":"https:\/\/cdacv.es\/#website"},"datePublished":"2025-10-20T13:25:35+00:00","dateModified":"2025-10-20T13:25:35+00:00","breadcrumb":{"@id":"https:\/\/cdacv.es\/es\/agenda\/jornadas-sobre-comunicacion-comercial-en-la-comunitat-valenciana-revoluciones-y-evoluciones\/#breadcrumb"},"inLanguage":"es","potentialAction":[{"@type":"ReadAction","target":["https:\/\/cdacv.es\/es\/agenda\/jornadas-sobre-comunicacion-comercial-en-la-comunitat-valenciana-revoluciones-y-evoluciones\/"]}]},{"@type":"BreadcrumbList","@id":"https:\/\/cdacv.es\/es\/agenda\/jornadas-sobre-comunicacion-comercial-en-la-comunitat-valenciana-revoluciones-y-evoluciones\/#breadcrumb","itemListElement":[{"@type":"ListItem","position":1,"name":"Home","item":"https:\/\/cdacv.es\/es\/"},{"@type":"ListItem","position":2,"name":"Eventos","item":"https:\/\/cdacv.es\/events\/"},{"@type":"ListItem","position":3,"name":"Jornadas sobre \u201cComunicaci\u00f3n Comercial en la Comunitat Valenciana: Re(voluciones) y Evoluciones\u201d"}]},{"@type":"WebSite","@id":"https:\/\/cdacv.es\/#website","url":"https:\/\/cdacv.es\/","name":"Consell De L\u2019Audiovisual De La Comunitat Valenciana","description":"\u00c9s l\u2019autoritat audiovisual independent encarregada de vetlar pel respecte dels drets, llibertats i valors constitucionals i estatutaris en l\u2019\u00e0mbit dels mitjans audiovisuals a la Comunitat Valenciana","publisher":{"@id":"https:\/\/cdacv.es\/#organization"},"potentialAction":[{"@type":"SearchAction","target":{"@type":"EntryPoint","urlTemplate":"https:\/\/cdacv.es\/?s={search_term_string}"},"query-input":"required name=search_term_string"}],"inLanguage":"es"},{"@type":"Organization","@id":"https:\/\/cdacv.es\/#organization","name":"Consell De L\u2019Audiovisual De La Comunitat Valenciana","url":"https:\/\/cdacv.es\/","logo":{"@type":"ImageObject","inLanguage":"es","@id":"https:\/\/cdacv.es\/#\/schema\/logo\/image\/","url":"https:\/\/cdacv.es\/wp-content\/uploads\/2023\/02\/fav.png","contentUrl":"https:\/\/cdacv.es\/wp-content\/uploads\/2023\/02\/fav.png","width":300,"height":300,"caption":"Consell De L\u2019Audiovisual De La Comunitat Valenciana"},"image":{"@id":"https:\/\/cdacv.es\/#\/schema\/logo\/image\/"}}]}},"_links":{"self":[{"href":"https:\/\/cdacv.es\/es\/wp-json\/wp\/v2\/tribe_events\/4106","targetHints":{"allow":["GET"]}}],"collection":[{"href":"https:\/\/cdacv.es\/es\/wp-json\/wp\/v2\/tribe_events"}],"about":[{"href":"https:\/\/cdacv.es\/es\/wp-json\/wp\/v2\/types\/tribe_events"}],"author":[{"embeddable":true,"href":"https:\/\/cdacv.es\/es\/wp-json\/wp\/v2\/users\/1"}],"replies":[{"embeddable":true,"href":"https:\/\/cdacv.es\/es\/wp-json\/wp\/v2\/comments?post=4106"}],"version-history":[{"count":1,"href":"https:\/\/cdacv.es\/es\/wp-json\/wp\/v2\/tribe_events\/4106\/revisions"}],"predecessor-version":[{"id":4107,"href":"https:\/\/cdacv.es\/es\/wp-json\/wp\/v2\/tribe_events\/4106\/revisions\/4107"}],"wp:attachment":[{"href":"https:\/\/cdacv.es\/es\/wp-json\/wp\/v2\/media?parent=4106"}],"wp:term":[{"taxonomy":"post_tag","embeddable":true,"href":"https:\/\/cdacv.es\/es\/wp-json\/wp\/v2\/tags?post=4106"},{"taxonomy":"tribe_events_cat","embeddable":true,"href":"https:\/\/cdacv.es\/es\/wp-json\/wp\/v2\/tribe_events_cat?post=4106"}],"curies":[{"name":"wp","href":"https:\/\/api.w.org\/{rel}","templated":true}]}}

Jornadas sobre “Comunicación Comercial en la Comunitat Valenciana: Re(voluciones) y Evoluciones”

<p style="font-weight: 400;"><strong>PARTICIPAN:</strong></p>
<ul style="font-weight: 400;">
<li>En la Inauguración Institucional:
<ul>
<li><strong>Carmen Carretón Ballester,</strong> Representante del <span data-markjs="true">CACV</span> y Directora del Departamento de Comunicación de la Universitat d’Alacant.</li>
</ul>
</li>
<li>En la Clausura Institucional:
<ul style="font-weight: 400;">
<li><strong>José María Vidal Beltrán</strong>, Presidente del <span data-markjs="true">CACV</span>.</li>
</ul>
</li>
</ul>
<p><strong>ORGANIZA:</strong></p>
<ul>
<li>Cátedra de Análisis y Prospectiva del Consell-Universitat d’Alacant</li>
</ul>

<p>PARTICIPAN: En la Inauguración Institucional: Carmen Carretón Ballester, Representante del CACV y Directora del Departamento de Comunicación de la Universitat d’Alacant. En la Clausura Institucional: José María Vidal Beltrán, Presidente&#8230;</p>

<!-- This site is optimized with the Yoast SEO plugin v20.1 - https://yoast.com/wordpress/plugins/seo/ -->
<title>Jornadas sobre “Comunicación Comercial en la Comunitat Valenciana: Re(voluciones) y Evoluciones” - Consell De L’Audiovisual De La Comunitat Valenciana</title>
<meta name="robots" content="index, follow, max-snippet:-1, max-image-preview:large, max-video-preview:-1" />
<link rel="canonical" href="https://cdacv.es/es/agenda/jornadas-sobre-comunicacion-comercial-en-la-comunitat-valenciana-revoluciones-y-evoluciones/" />
<meta property="og:locale" content="es_ES" />
<meta property="og:type" content="article" />
<meta property="og:title" content="Jornadas sobre “Comunicación Comercial en la Comunitat Valenciana: Re(voluciones) y Evoluciones” - Consell De L’Audiovisual De La Comunitat Valenciana" />
<meta property="og:description" content="PARTICIPAN: En la Inauguración Institucional: Carmen Carretón Ballester, Representante del CACV y Directora del Departamento de Comunicación de la Universitat d’Alacant. En la Clausura Institucional: José María Vidal Beltrán, Presidente..." />
<meta property="og:url" content="https://cdacv.es/es/agenda/jornadas-sobre-comunicacion-comercial-en-la-comunitat-valenciana-revoluciones-y-evoluciones/" />
<meta property="og:site_name" content="Consell De L’Audiovisual De La Comunitat Valenciana" />
<meta name="twitter:card" content="summary_large_image" />
<meta name="twitter:label1" content="Tiempo de lectura" />
	<meta name="twitter:data1" content="1 minuto" />
<script type="application/ld+json" class="yoast-schema-graph">{"@context":"https://schema.org","@graph":[{"@type":"WebPage","@id":"https://cdacv.es/es/agenda/jornadas-sobre-comunicacion-comercial-en-la-comunitat-valenciana-revoluciones-y-evoluciones/","url":"https://cdacv.es/es/agenda/jornadas-sobre-comunicacion-comercial-en-la-comunitat-valenciana-revoluciones-y-evoluciones/","name":"Jornadas sobre “Comunicación Comercial en la Comunitat Valenciana: Re(voluciones) y Evoluciones” - Consell De L’Audiovisual De La Comunitat Valenciana","isPartOf":{"@id":"https://cdacv.es/#website"},"datePublished":"2025-10-20T13:25:35+00:00","dateModified":"2025-10-20T13:25:35+00:00","breadcrumb":{"@id":"https://cdacv.es/es/agenda/jornadas-sobre-comunicacion-comercial-en-la-comunitat-valenciana-revoluciones-y-evoluciones/#breadcrumb"},"inLanguage":"es","potentialAction":[{"@type":"ReadAction","target":["https://cdacv.es/es/agenda/jornadas-sobre-comunicacion-comercial-en-la-comunitat-valenciana-revoluciones-y-evoluciones/"]}]},{"@type":"BreadcrumbList","@id":"https://cdacv.es/es/agenda/jornadas-sobre-comunicacion-comercial-en-la-comunitat-valenciana-revoluciones-y-evoluciones/#breadcrumb","itemListElement":[{"@type":"ListItem","position":1,"name":"Home","item":"https://cdacv.es/es/"},{"@type":"ListItem","position":2,"name":"Eventos","item":"https://cdacv.es/events/"},{"@type":"ListItem","position":3,"name":"Jornadas sobre “Comunicación Comercial en la Comunitat Valenciana: Re(voluciones) y Evoluciones”"}]},{"@type":"WebSite","@id":"https://cdacv.es/#website","url":"https://cdacv.es/","name":"Consell De L’Audiovisual De La Comunitat Valenciana","description":"És l’autoritat audiovisual independent encarregada de vetlar pel respecte dels drets, llibertats i valors constitucionals i estatutaris en l’àmbit dels mitjans audiovisuals a la Comunitat Valenciana","publisher":{"@id":"https://cdacv.es/#organization"},"potentialAction":[{"@type":"SearchAction","target":{"@type":"EntryPoint","urlTemplate":"https://cdacv.es/?s={search_term_string}"},"query-input":"required name=search_term_string"}],"inLanguage":"es"},{"@type":"Organization","@id":"https://cdacv.es/#organization","name":"Consell De L’Audiovisual De La Comunitat Valenciana","url":"https://cdacv.es/","logo":{"@type":"ImageObject","inLanguage":"es","@id":"https://cdacv.es/#/schema/logo/image/","url":"https://cdacv.es/wp-content/uploads/2023/02/fav.png","contentUrl":"https://cdacv.es/wp-content/uploads/2023/02/fav.png","width":300,"height":300,"caption":"Consell De L’Audiovisual De La Comunitat Valenciana"},"image":{"@id":"https://cdacv.es/#/schema/logo/image/"}}]}</script>
<!-- / Yoast SEO plugin. -->

Jornadas sobre “Comunicación Comercial en la Comunitat Valenciana: Re(voluciones) y Evoluciones” - Consell De L’Audiovisual De La Comunitat Valenciana

PARTICIPAN: En la Inauguración Institucional: Carmen Carretón Ballester, Representante del CACV y Directora del Departamento de Comunicación de la Universitat d’Alacant. En la Clausura Institucional: José María Vidal Beltrán, Presidente...

És l’autoritat audiovisual independent encarregada de vetlar pel respecte dels drets, llibertats i valors constitucionals i estatutaris en l’àmbit dels mitjans audiovisuals a la Comunitat Valenciana
