{"id":1798,"date":"2024-05-29T07:40:02","date_gmt":"2024-05-29T07:40:02","guid":{"rendered":"https:\/\/cdacv.es\/?post_type=tribe_events&#038;p=1798"},"modified":"2024-05-29T07:40:02","modified_gmt":"2024-05-29T07:40:02","slug":"reunion-del-cacv-y-la-direccion-general-de-simplificacion-administrativa","status":"publish","type":"tribe_events","link":"https:\/\/cdacv.es\/es\/agenda\/reunion-del-cacv-y-la-direccion-general-de-simplificacion-administrativa\/","title":{"rendered":"Reuni\u00f3n del CACV y la Direcci\u00f3n General de Simplificaci\u00f3n Administrativa"},"content":{"rendered":"<p>Asistentes:<\/p>\n<ul>\n<li style=\"font-weight: 400;\">Por parte de la Direcci\u00f3n General de Simplificaci\u00f3n Administrativa:\n<ul>\n<li style=\"font-weight: 400;\">La Subdirectora General de Innovaci\u00f3n y Modernizaci\u00f3n de la Administraci\u00f3n P\u00fablica, Emma Sarri\u00f3n Navarro<\/li>\n<li style=\"font-weight: 400;\">Jefe de Servicio de Simplificaci\u00f3n y Modernizaci\u00f3n de la Administraci\u00f3n P\u00fablica, Francisco Perez Roig.<\/li>\n<\/ul>\n<\/li>\n<li style=\"font-weight: 400;\">Por parte del CACV:\n<ul>\n<li style=\"font-weight: 400;\">La Secretaria General del CACV, Amparo Latonda Pedraza<\/li>\n<li style=\"font-weight: 400;\">Jefe de Servicio\u00a0 de Gesti\u00f3n Econ\u00f3mica y Presupuestaria, Miguel Mari Soria.<\/li>\n<\/ul>\n<\/li>\n<\/ul>\n<p>La reuni\u00f3n se llevar\u00e1 a cabo en la Sede de la Direcci\u00f3n General de Simplificaci\u00f3n Administrativa.<\/p>\n<ul>\n<li>C\/ Almirante 1-1 de Valencia.<\/li>\n<\/ul>\n","protected":false},"excerpt":{"rendered":"<p>Asistentes: Por parte de la Direcci\u00f3n General de Simplificaci\u00f3n Administrativa: La Subdirectora General de Innovaci\u00f3n y Modernizaci\u00f3n de la Administraci\u00f3n P\u00fablica, Emma Sarri\u00f3n Navarro Jefe de Servicio de Simplificaci\u00f3n y&#8230;<\/p>\n","protected":false},"author":1,"featured_media":0,"comment_status":"closed","ping_status":"closed","template":"","meta":{"_tribe_events_status":"","_tribe_events_status_reason":"","footnotes":""},"tags":[],"tribe_events_cat":[],"class_list":["post-1798","tribe_events","type-tribe_events","status-publish"],"yoast_head":"<!-- This site is optimized with the Yoast SEO plugin v20.1 - https:\/\/yoast.com\/wordpress\/plugins\/seo\/ -->\n<title>Reuni\u00f3n del CACV y la Direcci\u00f3n General de Simplificaci\u00f3n Administrativa - Consell De L\u2019Audiovisual De La Comunitat Valenciana<\/title>\n<meta name=\"robots\" content=\"index, follow, max-snippet:-1, max-image-preview:large, max-video-preview:-1\" \/>\n<link rel=\"canonical\" href=\"https:\/\/cdacv.es\/es\/agenda\/reunion-del-cacv-y-la-direccion-general-de-simplificacion-administrativa\/\" \/>\n<meta property=\"og:locale\" content=\"es_ES\" \/>\n<meta property=\"og:type\" content=\"article\" \/>\n<meta property=\"og:title\" content=\"Reuni\u00f3n del CACV y la Direcci\u00f3n General de Simplificaci\u00f3n Administrativa - Consell De L\u2019Audiovisual De La Comunitat Valenciana\" \/>\n<meta property=\"og:description\" content=\"Asistentes: Por parte de la Direcci\u00f3n General de Simplificaci\u00f3n Administrativa: La Subdirectora General de Innovaci\u00f3n y Modernizaci\u00f3n de la Administraci\u00f3n P\u00fablica, Emma Sarri\u00f3n Navarro Jefe de Servicio de Simplificaci\u00f3n y...\" \/>\n<meta property=\"og:url\" content=\"https:\/\/cdacv.es\/es\/agenda\/reunion-del-cacv-y-la-direccion-general-de-simplificacion-administrativa\/\" \/>\n<meta property=\"og:site_name\" content=\"Consell De L\u2019Audiovisual De La Comunitat Valenciana\" \/>\n<meta name=\"twitter:card\" content=\"summary_large_image\" \/>\n<meta name=\"twitter:label1\" content=\"Tiempo de lectura\" \/>\n\t<meta name=\"twitter:data1\" content=\"1 minuto\" \/>\n<script type=\"application\/ld+json\" class=\"yoast-schema-graph\">{\"@context\":\"https:\/\/schema.org\",\"@graph\":[{\"@type\":\"WebPage\",\"@id\":\"https:\/\/cdacv.es\/es\/agenda\/reunion-del-cacv-y-la-direccion-general-de-simplificacion-administrativa\/\",\"url\":\"https:\/\/cdacv.es\/es\/agenda\/reunion-del-cacv-y-la-direccion-general-de-simplificacion-administrativa\/\",\"name\":\"Reuni\u00f3n del CACV y la Direcci\u00f3n General de Simplificaci\u00f3n Administrativa - Consell De L\u2019Audiovisual De La Comunitat Valenciana\",\"isPartOf\":{\"@id\":\"https:\/\/cdacv.es\/#website\"},\"datePublished\":\"2024-05-29T07:40:02+00:00\",\"dateModified\":\"2024-05-29T07:40:02+00:00\",\"breadcrumb\":{\"@id\":\"https:\/\/cdacv.es\/es\/agenda\/reunion-del-cacv-y-la-direccion-general-de-simplificacion-administrativa\/#breadcrumb\"},\"inLanguage\":\"es\",\"potentialAction\":[{\"@type\":\"ReadAction\",\"target\":[\"https:\/\/cdacv.es\/es\/agenda\/reunion-del-cacv-y-la-direccion-general-de-simplificacion-administrativa\/\"]}]},{\"@type\":\"BreadcrumbList\",\"@id\":\"https:\/\/cdacv.es\/es\/agenda\/reunion-del-cacv-y-la-direccion-general-de-simplificacion-administrativa\/#breadcrumb\",\"itemListElement\":[{\"@type\":\"ListItem\",\"position\":1,\"name\":\"Home\",\"item\":\"https:\/\/cdacv.es\/es\/\"},{\"@type\":\"ListItem\",\"position\":2,\"name\":\"Eventos\",\"item\":\"https:\/\/cdacv.es\/events\/\"},{\"@type\":\"ListItem\",\"position\":3,\"name\":\"Reuni\u00f3n del CACV y la Direcci\u00f3n General de Simplificaci\u00f3n Administrativa\"}]},{\"@type\":\"WebSite\",\"@id\":\"https:\/\/cdacv.es\/#website\",\"url\":\"https:\/\/cdacv.es\/\",\"name\":\"Consell De L\u2019Audiovisual De La Comunitat Valenciana\",\"description\":\"\u00c9s l\u2019autoritat audiovisual independent encarregada de vetlar pel respecte dels drets, llibertats i valors constitucionals i estatutaris en l\u2019\u00e0mbit dels mitjans audiovisuals a la Comunitat Valenciana\",\"publisher\":{\"@id\":\"https:\/\/cdacv.es\/#organization\"},\"potentialAction\":[{\"@type\":\"SearchAction\",\"target\":{\"@type\":\"EntryPoint\",\"urlTemplate\":\"https:\/\/cdacv.es\/?s={search_term_string}\"},\"query-input\":\"required name=search_term_string\"}],\"inLanguage\":\"es\"},{\"@type\":\"Organization\",\"@id\":\"https:\/\/cdacv.es\/#organization\",\"name\":\"Consell De L\u2019Audiovisual De La Comunitat Valenciana\",\"url\":\"https:\/\/cdacv.es\/\",\"logo\":{\"@type\":\"ImageObject\",\"inLanguage\":\"es\",\"@id\":\"https:\/\/cdacv.es\/#\/schema\/logo\/image\/\",\"url\":\"https:\/\/cdacv.es\/wp-content\/uploads\/2023\/02\/fav.png\",\"contentUrl\":\"https:\/\/cdacv.es\/wp-content\/uploads\/2023\/02\/fav.png\",\"width\":300,\"height\":300,\"caption\":\"Consell De L\u2019Audiovisual De La Comunitat Valenciana\"},\"image\":{\"@id\":\"https:\/\/cdacv.es\/#\/schema\/logo\/image\/\"}}]}<\/script>\n<!-- \/ Yoast SEO plugin. -->","yoast_head_json":{"title":"Reuni\u00f3n del CACV y la Direcci\u00f3n General de Simplificaci\u00f3n Administrativa - Consell De L\u2019Audiovisual De La Comunitat Valenciana","robots":{"index":"index","follow":"follow","max-snippet":"max-snippet:-1","max-image-preview":"max-image-preview:large","max-video-preview":"max-video-preview:-1"},"canonical":"https:\/\/cdacv.es\/es\/agenda\/reunion-del-cacv-y-la-direccion-general-de-simplificacion-administrativa\/","og_locale":"es_ES","og_type":"article","og_title":"Reuni\u00f3n del CACV y la Direcci\u00f3n General de Simplificaci\u00f3n Administrativa - Consell De L\u2019Audiovisual De La Comunitat Valenciana","og_description":"Asistentes: Por parte de la Direcci\u00f3n General de Simplificaci\u00f3n Administrativa: La Subdirectora General de Innovaci\u00f3n y Modernizaci\u00f3n de la Administraci\u00f3n P\u00fablica, Emma Sarri\u00f3n Navarro Jefe de Servicio de Simplificaci\u00f3n y...","og_url":"https:\/\/cdacv.es\/es\/agenda\/reunion-del-cacv-y-la-direccion-general-de-simplificacion-administrativa\/","og_site_name":"Consell De L\u2019Audiovisual De La Comunitat Valenciana","twitter_card":"summary_large_image","twitter_misc":{"Tiempo de lectura":"1 minuto"},"schema":{"@context":"https:\/\/schema.org","@graph":[{"@type":"WebPage","@id":"https:\/\/cdacv.es\/es\/agenda\/reunion-del-cacv-y-la-direccion-general-de-simplificacion-administrativa\/","url":"https:\/\/cdacv.es\/es\/agenda\/reunion-del-cacv-y-la-direccion-general-de-simplificacion-administrativa\/","name":"Reuni\u00f3n del CACV y la Direcci\u00f3n General de Simplificaci\u00f3n Administrativa - Consell De L\u2019Audiovisual De La Comunitat Valenciana","isPartOf":{"@id":"https:\/\/cdacv.es\/#website"},"datePublished":"2024-05-29T07:40:02+00:00","dateModified":"2024-05-29T07:40:02+00:00","breadcrumb":{"@id":"https:\/\/cdacv.es\/es\/agenda\/reunion-del-cacv-y-la-direccion-general-de-simplificacion-administrativa\/#breadcrumb"},"inLanguage":"es","potentialAction":[{"@type":"ReadAction","target":["https:\/\/cdacv.es\/es\/agenda\/reunion-del-cacv-y-la-direccion-general-de-simplificacion-administrativa\/"]}]},{"@type":"BreadcrumbList","@id":"https:\/\/cdacv.es\/es\/agenda\/reunion-del-cacv-y-la-direccion-general-de-simplificacion-administrativa\/#breadcrumb","itemListElement":[{"@type":"ListItem","position":1,"name":"Home","item":"https:\/\/cdacv.es\/es\/"},{"@type":"ListItem","position":2,"name":"Eventos","item":"https:\/\/cdacv.es\/events\/"},{"@type":"ListItem","position":3,"name":"Reuni\u00f3n del CACV y la Direcci\u00f3n General de Simplificaci\u00f3n Administrativa"}]},{"@type":"WebSite","@id":"https:\/\/cdacv.es\/#website","url":"https:\/\/cdacv.es\/","name":"Consell De L\u2019Audiovisual De La Comunitat Valenciana","description":"\u00c9s l\u2019autoritat audiovisual independent encarregada de vetlar pel respecte dels drets, llibertats i valors constitucionals i estatutaris en l\u2019\u00e0mbit dels mitjans audiovisuals a la Comunitat Valenciana","publisher":{"@id":"https:\/\/cdacv.es\/#organization"},"potentialAction":[{"@type":"SearchAction","target":{"@type":"EntryPoint","urlTemplate":"https:\/\/cdacv.es\/?s={search_term_string}"},"query-input":"required name=search_term_string"}],"inLanguage":"es"},{"@type":"Organization","@id":"https:\/\/cdacv.es\/#organization","name":"Consell De L\u2019Audiovisual De La Comunitat Valenciana","url":"https:\/\/cdacv.es\/","logo":{"@type":"ImageObject","inLanguage":"es","@id":"https:\/\/cdacv.es\/#\/schema\/logo\/image\/","url":"https:\/\/cdacv.es\/wp-content\/uploads\/2023\/02\/fav.png","contentUrl":"https:\/\/cdacv.es\/wp-content\/uploads\/2023\/02\/fav.png","width":300,"height":300,"caption":"Consell De L\u2019Audiovisual De La Comunitat Valenciana"},"image":{"@id":"https:\/\/cdacv.es\/#\/schema\/logo\/image\/"}}]}},"_links":{"self":[{"href":"https:\/\/cdacv.es\/es\/wp-json\/wp\/v2\/tribe_events\/1798","targetHints":{"allow":["GET"]}}],"collection":[{"href":"https:\/\/cdacv.es\/es\/wp-json\/wp\/v2\/tribe_events"}],"about":[{"href":"https:\/\/cdacv.es\/es\/wp-json\/wp\/v2\/types\/tribe_events"}],"author":[{"embeddable":true,"href":"https:\/\/cdacv.es\/es\/wp-json\/wp\/v2\/users\/1"}],"replies":[{"embeddable":true,"href":"https:\/\/cdacv.es\/es\/wp-json\/wp\/v2\/comments?post=1798"}],"version-history":[{"count":1,"href":"https:\/\/cdacv.es\/es\/wp-json\/wp\/v2\/tribe_events\/1798\/revisions"}],"predecessor-version":[{"id":1799,"href":"https:\/\/cdacv.es\/es\/wp-json\/wp\/v2\/tribe_events\/1798\/revisions\/1799"}],"wp:attachment":[{"href":"https:\/\/cdacv.es\/es\/wp-json\/wp\/v2\/media?parent=1798"}],"wp:term":[{"taxonomy":"post_tag","embeddable":true,"href":"https:\/\/cdacv.es\/es\/wp-json\/wp\/v2\/tags?post=1798"},{"taxonomy":"tribe_events_cat","embeddable":true,"href":"https:\/\/cdacv.es\/es\/wp-json\/wp\/v2\/tribe_events_cat?post=1798"}],"curies":[{"name":"wp","href":"https:\/\/api.w.org\/{rel}","templated":true}]}}

Reunión del CACV y la Dirección General de Simplificación Administrativa

<p>Asistentes:</p>
<ul>
<li style="font-weight: 400;">Por parte de la Dirección General de Simplificación Administrativa:
<ul>
<li style="font-weight: 400;">La Subdirectora General de Innovación y Modernización de la Administración Pública, Emma Sarrión Navarro</li>
<li style="font-weight: 400;">Jefe de Servicio de Simplificación y Modernización de la Administración Pública, Francisco Perez Roig.</li>
</ul>
</li>
<li style="font-weight: 400;">Por parte del CACV:
<ul>
<li style="font-weight: 400;">La Secretaria General del CACV, Amparo Latonda Pedraza</li>
<li style="font-weight: 400;">Jefe de Servicio  de Gestión Económica y Presupuestaria, Miguel Mari Soria.</li>
</ul>
</li>
</ul>
<p>La reunión se llevará a cabo en la Sede de la Dirección General de Simplificación Administrativa.</p>
<ul>
<li>C/ Almirante 1-1 de Valencia.</li>
</ul>

<p>Asistentes: Por parte de la Dirección General de Simplificación Administrativa: La Subdirectora General de Innovación y Modernización de la Administración Pública, Emma Sarrión Navarro Jefe de Servicio de Simplificación y&#8230;</p>

<!-- This site is optimized with the Yoast SEO plugin v20.1 - https://yoast.com/wordpress/plugins/seo/ -->
<title>Reunión del CACV y la Dirección General de Simplificación Administrativa - Consell De L’Audiovisual De La Comunitat Valenciana</title>
<meta name="robots" content="index, follow, max-snippet:-1, max-image-preview:large, max-video-preview:-1" />
<link rel="canonical" href="https://cdacv.es/es/agenda/reunion-del-cacv-y-la-direccion-general-de-simplificacion-administrativa/" />
<meta property="og:locale" content="es_ES" />
<meta property="og:type" content="article" />
<meta property="og:title" content="Reunión del CACV y la Dirección General de Simplificación Administrativa - Consell De L’Audiovisual De La Comunitat Valenciana" />
<meta property="og:description" content="Asistentes: Por parte de la Dirección General de Simplificación Administrativa: La Subdirectora General de Innovación y Modernización de la Administración Pública, Emma Sarrión Navarro Jefe de Servicio de Simplificación y..." />
<meta property="og:url" content="https://cdacv.es/es/agenda/reunion-del-cacv-y-la-direccion-general-de-simplificacion-administrativa/" />
<meta property="og:site_name" content="Consell De L’Audiovisual De La Comunitat Valenciana" />
<meta name="twitter:card" content="summary_large_image" />
<meta name="twitter:label1" content="Tiempo de lectura" />
	<meta name="twitter:data1" content="1 minuto" />
<script type="application/ld+json" class="yoast-schema-graph">{"@context":"https://schema.org","@graph":[{"@type":"WebPage","@id":"https://cdacv.es/es/agenda/reunion-del-cacv-y-la-direccion-general-de-simplificacion-administrativa/","url":"https://cdacv.es/es/agenda/reunion-del-cacv-y-la-direccion-general-de-simplificacion-administrativa/","name":"Reunión del CACV y la Dirección General de Simplificación Administrativa - Consell De L’Audiovisual De La Comunitat Valenciana","isPartOf":{"@id":"https://cdacv.es/#website"},"datePublished":"2024-05-29T07:40:02+00:00","dateModified":"2024-05-29T07:40:02+00:00","breadcrumb":{"@id":"https://cdacv.es/es/agenda/reunion-del-cacv-y-la-direccion-general-de-simplificacion-administrativa/#breadcrumb"},"inLanguage":"es","potentialAction":[{"@type":"ReadAction","target":["https://cdacv.es/es/agenda/reunion-del-cacv-y-la-direccion-general-de-simplificacion-administrativa/"]}]},{"@type":"BreadcrumbList","@id":"https://cdacv.es/es/agenda/reunion-del-cacv-y-la-direccion-general-de-simplificacion-administrativa/#breadcrumb","itemListElement":[{"@type":"ListItem","position":1,"name":"Home","item":"https://cdacv.es/es/"},{"@type":"ListItem","position":2,"name":"Eventos","item":"https://cdacv.es/events/"},{"@type":"ListItem","position":3,"name":"Reunión del CACV y la Dirección General de Simplificación Administrativa"}]},{"@type":"WebSite","@id":"https://cdacv.es/#website","url":"https://cdacv.es/","name":"Consell De L’Audiovisual De La Comunitat Valenciana","description":"És l’autoritat audiovisual independent encarregada de vetlar pel respecte dels drets, llibertats i valors constitucionals i estatutaris en l’àmbit dels mitjans audiovisuals a la Comunitat Valenciana","publisher":{"@id":"https://cdacv.es/#organization"},"potentialAction":[{"@type":"SearchAction","target":{"@type":"EntryPoint","urlTemplate":"https://cdacv.es/?s={search_term_string}"},"query-input":"required name=search_term_string"}],"inLanguage":"es"},{"@type":"Organization","@id":"https://cdacv.es/#organization","name":"Consell De L’Audiovisual De La Comunitat Valenciana","url":"https://cdacv.es/","logo":{"@type":"ImageObject","inLanguage":"es","@id":"https://cdacv.es/#/schema/logo/image/","url":"https://cdacv.es/wp-content/uploads/2023/02/fav.png","contentUrl":"https://cdacv.es/wp-content/uploads/2023/02/fav.png","width":300,"height":300,"caption":"Consell De L’Audiovisual De La Comunitat Valenciana"},"image":{"@id":"https://cdacv.es/#/schema/logo/image/"}}]}</script>
<!-- / Yoast SEO plugin. -->

Reunión del CACV y la Dirección General de Simplificación Administrativa - Consell De L’Audiovisual De La Comunitat Valenciana

Asistentes: Por parte de la Dirección General de Simplificación Administrativa: La Subdirectora General de Innovación y Modernización de la Administración Pública, Emma Sarrión Navarro Jefe de Servicio de Simplificación y...

És l’autoritat audiovisual independent encarregada de vetlar pel respecte dels drets, llibertats i valors constitucionals i estatutaris en l’àmbit dels mitjans audiovisuals a la Comunitat Valenciana
